{"id":27,"date":"2018-05-29T21:09:56","date_gmt":"2018-05-29T19:09:56","guid":{"rendered":"http:\/\/labrisedupilat.fr\/?page_id=27"},"modified":"2026-03-09T21:57:47","modified_gmt":"2026-03-09T20:57:47","slug":"presentation","status":"publish","type":"page","link":"https:\/\/labrisedupilat.fr\/index.php\/presentation\/","title":{"rendered":"Pr\u00e9sentation"},"content":{"rendered":"<div class=\"entry-content\">\n<h1><span style=\"color: #993300;\"><strong>Chef d\u2019\u00e9tablissement<\/strong><\/span><\/h1>\n<p>Nelly PINET<\/p>\n<h1><span style=\"color: #993300;\"><strong>Rythmes et horaires scolaires<\/strong><\/span><\/h1>\n<p>Semaine de 4 jours (lundi, mardi, jeudi, vendredi)<\/p>\n<p><strong>8 h 30 <\/strong>(accueil \u00e0 partir de 8 h 15 pour tous)<strong> \u00e0 11 h 45. <\/strong>A noter que le portail s&rsquo;ouvre \u00e0 11h40 pour les Maternelles.<\/p>\n<p><strong>13 h 35 <\/strong>(accueil \u00e0 partir de 13 h 30)<strong> \u00e0 16 h 30<\/strong><\/p>\n<h1><span style=\"color: #993300;\"><strong>R\u00e9partition des classes<\/strong><\/span><\/h1>\n<p><strong>Cycle1 : Cycle des Apprentissages Premiers (PS \/ MS \/ GS)<\/strong><\/p>\n<p>Classe maternelle TPS-PS-MS : <strong>Nelly PINET et Caroline MENGIN<\/strong> (jeudi ou vendredi selon planning)<\/p>\n<p>Classe maternelle MS-GS : <strong>Honorine BOURDON<\/strong> (mardi, jeudi et vendredi) et <strong>Florence ESTEBEN<\/strong> (lundi)<\/p>\n<\/div>\n<div class=\"entry-content\">\n<p><strong><br \/>\nCycle 2 : Cycle des Apprentissages Fondamentaux (CP \/ CE1 \/ CE2)<\/strong><\/p>\n<p>GS \/ CP : <strong>Christelle RIGOUDY<\/strong><\/p>\n<p>CE1 \/ CE2 : <strong>Karine FROBERT<\/strong><\/p>\n<\/div>\n<div><\/div>\n<div class=\"entry-content\">\n<p><strong><br \/>\nCycle 3 : Cycle de Consolidation (CM1 \/ CM2<\/strong><strong>)<\/strong><\/p>\n<p>CE2-CM1 : <strong>C\u00e9line MARRET<\/strong> et <strong>Caroline MENGIN<\/strong> (lundi)<\/p>\n<p>CM1-CM2 : <strong>B\u00e9atrice COILLET<\/strong><\/p>\n<\/div>\n<div><\/div>\n<div class=\"entry-content\">\n<h1><span style=\"color: #993300;\"><strong>Personnel\u00a0<\/strong><\/span><\/h1>\n<p><strong>Sarah BARTSCHI, Vanessa DUBRAVA, Isabelle BONNEFOND et L\u00e9a BADEL<\/strong>\u00a0se partageront l\u2019aide n\u00e9cessaire dans les classes ainsi que l\u2019entretien de l\u2019\u00e9cole.<\/p>\n<p>Les Aides de Vie Scolaire (AESH) <strong>Aur\u00e9lie BERNE et Magali FAGES<\/strong> interviendront aupr\u00e8s d\u2019enfants ayant des besoins sp\u00e9cifiques.<\/p>\n<p>Le poste d\u2019aide p\u00e9dagogique est occup\u00e9 par <strong>Patricia PLISSONNEAUX<\/strong> pour les \u00e9coles priv\u00e9es du secteur.<\/p>\n<h1><span style=\"color: #993300;\"><strong>Intervenants<\/strong><\/span><\/h1>\n<p><img loading=\"lazy\" decoding=\"async\" class=\"aligncenter wp-image-214 size-full\" src=\"https:\/\/labrisedupilat.fr\/wp-content\/uploads\/2018\/06\/singing-18438_640.jpg\" alt=\"\" width=\"640\" height=\"428\" srcset=\"https:\/\/labrisedupilat.fr\/wp-content\/uploads\/2018\/06\/singing-18438_640.jpg 640w, https:\/\/labrisedupilat.fr\/wp-content\/uploads\/2018\/06\/singing-18438_640-300x201.jpg 300w\" sizes=\"(max-width: 640px) 100vw, 640px\" \/><\/p>\n<p>Selon les projets des personnes ext\u00e9rieures interviennent dans les classes. Cette ann\u00e9e les intervenants sont :<\/p>\n<p>M\u00e9ditation : Pascale BRUN<\/p>\n<p>Musique : Julianne AUGER<\/p>\n<p>Arts et Danse (maternelle) : Maryse STOFFEL<\/p>\n<h1><span style=\"color: #993300;\"><strong>Services<\/strong><\/span><\/h1>\n<p><strong>Cantine et p\u00e9riscolaire<\/strong><\/p>\n<p>C\u2019est le personnel municipal qui prend en charge les enfants. Les inscriptions se font via internet.<\/p>\n<p>Pour toute information voir avec la mairie (04 74 87 38 04).<\/p>\n<p><a href=\"https:\/\/labrisedupilat.fr\/index.php\/restauration-scolaire-et-periscolaire\/\">Voir la page d\u00e9di\u00e9e en cliquant sur ce lien<\/a><\/p>\n<\/div>\n","protected":false},"excerpt":{"rendered":"<p>Chef d\u2019\u00e9tablissement Nelly PINET Rythmes et horaires scolaires Semaine de 4 jours (lundi, mardi, jeudi, vendredi) 8 h 30 (accueil \u00e0 partir de 8 h 15 pour tous) \u00e0 11 h 45. A noter que le portail s&rsquo;ouvre \u00e0 11h40 pour les Maternelles. 13 h 35 (accueil \u00e0 partir de 13 h 30) \u00e0 16 &hellip; <\/p>\n<p class=\"link-more\"><a href=\"https:\/\/labrisedupilat.fr\/index.php\/presentation\/\" class=\"more-link\">Continuer la lecture<span class=\"screen-reader-text\"> de &laquo;&nbsp;Pr\u00e9sentation&nbsp;&raquo;<\/span><\/a><\/p>\n","protected":false},"author":1,"featured_media":492,"parent":0,"menu_order":0,"comment_status":"closed","ping_status":"closed","template":"","meta":{"footnotes":""},"_links":{"self":[{"href":"https:\/\/labrisedupilat.fr\/index.php\/wp-json\/wp\/v2\/pages\/27"}],"collection":[{"href":"https:\/\/labrisedupilat.fr\/index.php\/wp-json\/wp\/v2\/pages"}],"about":[{"href":"https:\/\/labrisedupilat.fr\/index.php\/wp-json\/wp\/v2\/types\/page"}],"author":[{"embeddable":true,"href":"https:\/\/labrisedupilat.fr\/index.php\/wp-json\/wp\/v2\/users\/1"}],"replies":[{"embeddable":true,"href":"https:\/\/labrisedupilat.fr\/index.php\/wp-json\/wp\/v2\/comments?post=27"}],"version-history":[{"count":26,"href":"https:\/\/labrisedupilat.fr\/index.php\/wp-json\/wp\/v2\/pages\/27\/revisions"}],"predecessor-version":[{"id":517,"href":"https:\/\/labrisedupilat.fr\/index.php\/wp-json\/wp\/v2\/pages\/27\/revisions\/517"}],"wp:featuredmedia":[{"embeddable":true,"href":"https:\/\/labrisedupilat.fr\/index.php\/wp-json\/wp\/v2\/media\/492"}],"wp:attachment":[{"href":"https:\/\/labrisedupilat.fr\/index.php\/wp-json\/wp\/v2\/media?parent=27"}],"curies":[{"name":"wp","href":"https:\/\/api.w.org\/{rel}","templated":true}]}}