{"id":33,"date":"2018-05-29T21:17:30","date_gmt":"2018-05-29T19:17:30","guid":{"rendered":"http:\/\/labrisedupilat.fr\/?page_id=33"},"modified":"2018-06-21T14:45:29","modified_gmt":"2018-06-21T12:45:29","slug":"histoire","status":"publish","type":"page","link":"https:\/\/labrisedupilat.fr\/index.php\/histoire\/","title":{"rendered":"Histoire"},"content":{"rendered":"<div class=\"entry-content\">\n<p class=\"Standard\">La communaut\u00e9 des s\u0153urs de Saint-Joseph s\u2019est install\u00e9e \u00e0 Maclas avant 1700. On ne sait pas exactement \u00e0 partir de quelle date les religieuses ont commenc\u00e9 \u00e0 instruire les filles de Maclas (les gar\u00e7ons allant \u00e0 l\u2019\u00e9cole priv\u00e9e qui est devenue la maison des associations) mais on peut affirmer que d\u00e8s 1824, 3 religieuses \u00e9taient institutrices et que 6 ans plus tard, 65 filles fr\u00e9quentaient leur \u00e9cole. Les locaux des s\u0153urs \u00e9tant peu appropri\u00e9s pour l\u2019enseignement, une \u00e9cole priv\u00e9e de filles a \u00e9t\u00e9 construite en 1872 en annexe de la maison des religieuses<\/p>\n<p class=\"Standard\">Cette \u00e9cole a beaucoup \u00e9volu\u00e9 pour devenir ce qu\u2019elle est actuellement. Tout d\u2019abord, en 1880, ajout\u00e9e \u00e0 la classe existante, une salle d\u2019asile (ce qui correspondrait maintenant \u00e0 une classe maternelle) a \u00e9t\u00e9 ouverte. Cette salle d\u2019asile devient en 1917 une garderie pour les enfants de 2 \u00e0 6 ans.<\/p>\n<\/div>\n<p><img loading=\"lazy\" decoding=\"async\" class=\"aligncenter wp-image-196\" src=\"https:\/\/labrisedupilat.fr\/wp-content\/uploads\/2018\/06\/eglise-300x189.jpg\" alt=\"\" width=\"700\" height=\"441\" srcset=\"https:\/\/labrisedupilat.fr\/wp-content\/uploads\/2018\/06\/eglise-300x189.jpg 300w, https:\/\/labrisedupilat.fr\/wp-content\/uploads\/2018\/06\/eglise-768x484.jpg 768w, https:\/\/labrisedupilat.fr\/wp-content\/uploads\/2018\/06\/eglise-1024x646.jpg 1024w, https:\/\/labrisedupilat.fr\/wp-content\/uploads\/2018\/06\/eglise.jpg 1665w\" sizes=\"(max-width: 700px) 100vw, 700px\" \/><\/p>\n<div class=\"entry-content\">\n<p class=\"Standard\">Ensuite, en 1959, alors que c\u2019est l\u2019\u00e9poque des contrats, une deuxi\u00e8me classe d\u2019enseignement ouvre ses portes.<\/p>\n<p class=\"Standard\">En 1964, c\u2019est la construction des premiers HLM, qui en amenant plus d\u2019enfants dans le village et dans les \u00e9coles permet l\u2019ouverture d\u2019une troisi\u00e8me classe qui est mise sous contrat en 1966.<\/p>\n<p class=\"Standard\">Les effectifs augmentent encore avec la venue de 11 enfants de l\u2019\u00e9cole priv\u00e9e de Saint-Appolinard qui a d\u00fb fermer ses portes en 1968.<\/p>\n<p class=\"Standard\">A la rentr\u00e9e de cette ann\u00e9e-l\u00e0, on compte 85 \u00e9l\u00e8ves dans les trois classes plus 38 enfants \u00e0 la garderie qui \u00e0 cette date \u00e9tait toujours hors contrat et ne deviendra 4\u00e8me classe qu\u2019en 1974 quand elle passe sous contrat.<\/p>\n<\/div>\n","protected":false},"excerpt":{"rendered":"<p>La communaut\u00e9 des s\u0153urs de Saint-Joseph s\u2019est install\u00e9e \u00e0 Maclas avant 1700. On ne sait pas exactement \u00e0 partir de quelle date les religieuses ont commenc\u00e9 \u00e0 instruire les filles de Maclas (les gar\u00e7ons allant \u00e0 l\u2019\u00e9cole priv\u00e9e qui est devenue la maison des associations) mais on peut affirmer que d\u00e8s 1824, 3 religieuses \u00e9taient &hellip; <\/p>\n<p class=\"link-more\"><a href=\"https:\/\/labrisedupilat.fr\/index.php\/histoire\/\" class=\"more-link\">Continuer la lecture<span class=\"screen-reader-text\"> de &laquo;&nbsp;Histoire&nbsp;&raquo;<\/span><\/a><\/p>\n","protected":false},"author":1,"featured_media":198,"parent":0,"menu_order":0,"comment_status":"closed","ping_status":"closed","template":"","meta":{"footnotes":""},"_links":{"self":[{"href":"https:\/\/labrisedupilat.fr\/index.php\/wp-json\/wp\/v2\/pages\/33"}],"collection":[{"href":"https:\/\/labrisedupilat.fr\/index.php\/wp-json\/wp\/v2\/pages"}],"about":[{"href":"https:\/\/labrisedupilat.fr\/index.php\/wp-json\/wp\/v2\/types\/page"}],"author":[{"embeddable":true,"href":"https:\/\/labrisedupilat.fr\/index.php\/wp-json\/wp\/v2\/users\/1"}],"replies":[{"embeddable":true,"href":"https:\/\/labrisedupilat.fr\/index.php\/wp-json\/wp\/v2\/comments?post=33"}],"version-history":[{"count":3,"href":"https:\/\/labrisedupilat.fr\/index.php\/wp-json\/wp\/v2\/pages\/33\/revisions"}],"predecessor-version":[{"id":199,"href":"https:\/\/labrisedupilat.fr\/index.php\/wp-json\/wp\/v2\/pages\/33\/revisions\/199"}],"wp:featuredmedia":[{"embeddable":true,"href":"https:\/\/labrisedupilat.fr\/index.php\/wp-json\/wp\/v2\/media\/198"}],"wp:attachment":[{"href":"https:\/\/labrisedupilat.fr\/index.php\/wp-json\/wp\/v2\/media?parent=33"}],"curies":[{"name":"wp","href":"https:\/\/api.w.org\/{rel}","templated":true}]}}