{"id":37,"date":"2018-05-29T21:18:44","date_gmt":"2018-05-29T19:18:44","guid":{"rendered":"http:\/\/labrisedupilat.fr\/?page_id=37"},"modified":"2025-02-11T22:15:41","modified_gmt":"2025-02-11T21:15:41","slug":"pastorale","status":"publish","type":"page","link":"https:\/\/labrisedupilat.fr\/index.php\/pastorale\/","title":{"rendered":"Pastorale"},"content":{"rendered":"<p><strong>Un lien avec la paroisse<\/strong><\/p>\n<p>Un lien avec la paroisse Lors des r\u00e9unions de classe, un intervenant peut venir pr\u00e9senter la vie pastorale de la paroisse Sainte-Marie entre Rh\u00f4ne et Pilat.<\/p>\n<p><strong>Les temps forts<\/strong><\/p>\n<p>\u00b7 Des c\u00e9l\u00e9brations sont organis\u00e9es \u00e0 l\u2019\u00e9cole : Toussaint, 8 d\u00e9cembre, No\u00ebl\u2026<\/p>\n<p>\u00b7 L\u2019UGSEL : certaines ann\u00e9es, des journ\u00e9es sportives r\u00e9unissent les \u00e9coles catholiques de la r\u00e9gion.<\/p>\n<p><strong>Solidarit\u00e9<\/strong><\/p>\n<p>\u00b7 Lors du Car\u00eame, une action solidaire est mise en place (Restos du C\u0153ur, Enfants du M\u00e9kong, Vivre aux \u00e9clats\u2026).<\/p>\n<p>\u00b7 Collectes de bouchons, recyclage du mat\u00e9riel scolaire<\/p>\n","protected":false},"excerpt":{"rendered":"<p>Un lien avec la paroisse Un lien avec la paroisse Lors des r\u00e9unions de classe, un intervenant peut venir pr\u00e9senter la vie pastorale de la paroisse Sainte-Marie entre Rh\u00f4ne et Pilat. Les temps forts \u00b7 Des c\u00e9l\u00e9brations sont organis\u00e9es \u00e0 l\u2019\u00e9cole : Toussaint, 8 d\u00e9cembre, No\u00ebl\u2026 \u00b7 L\u2019UGSEL : certaines ann\u00e9es, des journ\u00e9es sportives r\u00e9unissent &hellip; <\/p>\n<p class=\"link-more\"><a href=\"https:\/\/labrisedupilat.fr\/index.php\/pastorale\/\" class=\"more-link\">Continuer la lecture<span class=\"screen-reader-text\"> de &laquo;&nbsp;Pastorale&nbsp;&raquo;<\/span><\/a><\/p>\n","protected":false},"author":1,"featured_media":0,"parent":0,"menu_order":0,"comment_status":"closed","ping_status":"closed","template":"","meta":{"footnotes":""},"_links":{"self":[{"href":"https:\/\/labrisedupilat.fr\/index.php\/wp-json\/wp\/v2\/pages\/37"}],"collection":[{"href":"https:\/\/labrisedupilat.fr\/index.php\/wp-json\/wp\/v2\/pages"}],"about":[{"href":"https:\/\/labrisedupilat.fr\/index.php\/wp-json\/wp\/v2\/types\/page"}],"author":[{"embeddable":true,"href":"https:\/\/labrisedupilat.fr\/index.php\/wp-json\/wp\/v2\/users\/1"}],"replies":[{"embeddable":true,"href":"https:\/\/labrisedupilat.fr\/index.php\/wp-json\/wp\/v2\/comments?post=37"}],"version-history":[{"count":4,"href":"https:\/\/labrisedupilat.fr\/index.php\/wp-json\/wp\/v2\/pages\/37\/revisions"}],"predecessor-version":[{"id":486,"href":"https:\/\/labrisedupilat.fr\/index.php\/wp-json\/wp\/v2\/pages\/37\/revisions\/486"}],"wp:attachment":[{"href":"https:\/\/labrisedupilat.fr\/index.php\/wp-json\/wp\/v2\/media?parent=37"}],"curies":[{"name":"wp","href":"https:\/\/api.w.org\/{rel}","templated":true}]}}