{"id":39,"date":"2018-05-29T21:19:44","date_gmt":"2018-05-29T19:19:44","guid":{"rendered":"http:\/\/labrisedupilat.fr\/?page_id=39"},"modified":"2019-12-04T18:47:05","modified_gmt":"2019-12-04T17:47:05","slug":"temps-fort","status":"publish","type":"page","link":"https:\/\/labrisedupilat.fr\/index.php\/temps-fort\/","title":{"rendered":"Temps forts"},"content":{"rendered":"\n<p>1\/ Les \u00e9l\u00e8ves des classes des grands participent au conseil municipal des enfants. Pour cela, un vote est organis\u00e9 au premier trimestre, les \u00e9l\u00e8ves \u00e9lus seront les repr\u00e9sentants de leurs pairs lors des rencontres en mairie.<\/p>\n\n\n\n<div class=\"wp-block-image\"><figure class=\"aligncenter\"><img loading=\"lazy\" decoding=\"async\" width=\"1024\" height=\"768\" src=\"https:\/\/labrisedupilat.fr\/wp-content\/uploads\/2019\/03\/cme2-1024x768.jpg\" alt=\"\" class=\"wp-image-323\" srcset=\"https:\/\/labrisedupilat.fr\/wp-content\/uploads\/2019\/03\/cme2-1024x768.jpg 1024w, https:\/\/labrisedupilat.fr\/wp-content\/uploads\/2019\/03\/cme2-300x225.jpg 300w, https:\/\/labrisedupilat.fr\/wp-content\/uploads\/2019\/03\/cme2-768x576.jpg 768w, https:\/\/labrisedupilat.fr\/wp-content\/uploads\/2019\/03\/cme2.jpg 2000w\" sizes=\"(max-width: 767px) 89vw, (max-width: 1000px) 54vw, (max-width: 1071px) 543px, 580px\" \/><\/figure><\/div>\n\n\n\n<div class=\"wp-block-image\"><figure class=\"aligncenter\"><img loading=\"lazy\" decoding=\"async\" width=\"1024\" height=\"768\" src=\"https:\/\/labrisedupilat.fr\/wp-content\/uploads\/2019\/03\/cme-1024x768.jpg\" alt=\"\" class=\"wp-image-322\" srcset=\"https:\/\/labrisedupilat.fr\/wp-content\/uploads\/2019\/03\/cme-1024x768.jpg 1024w, https:\/\/labrisedupilat.fr\/wp-content\/uploads\/2019\/03\/cme-300x225.jpg 300w, https:\/\/labrisedupilat.fr\/wp-content\/uploads\/2019\/03\/cme-768x576.jpg 768w, https:\/\/labrisedupilat.fr\/wp-content\/uploads\/2019\/03\/cme.jpg 2000w\" sizes=\"(max-width: 767px) 89vw, (max-width: 1000px) 54vw, (max-width: 1071px) 543px, 580px\" \/><\/figure><\/div>\n\n\n\n<p>2\/ La classe des CE1\/ CE2 sont all\u00e9s voir l\u2019exposition sur la guerre de 14\/18. Cette exposition faite par des camarades de l\u2019\u00e9cole voisine a \u00e9t\u00e9 le sujet de discussion et d\u2019un travail de m\u00e9moire.<\/p>\n\n\n\n<div class=\"wp-block-image\"><figure class=\"aligncenter\"><img loading=\"lazy\" decoding=\"async\" width=\"1024\" height=\"768\" src=\"https:\/\/labrisedupilat.fr\/wp-content\/uploads\/2019\/03\/expo2-1024x768.jpg\" alt=\"\" class=\"wp-image-324\" srcset=\"https:\/\/labrisedupilat.fr\/wp-content\/uploads\/2019\/03\/expo2-1024x768.jpg 1024w, https:\/\/labrisedupilat.fr\/wp-content\/uploads\/2019\/03\/expo2-300x225.jpg 300w, https:\/\/labrisedupilat.fr\/wp-content\/uploads\/2019\/03\/expo2-768x576.jpg 768w, https:\/\/labrisedupilat.fr\/wp-content\/uploads\/2019\/03\/expo2.jpg 2000w\" sizes=\"(max-width: 767px) 89vw, (max-width: 1000px) 54vw, (max-width: 1071px) 543px, 580px\" \/><\/figure><\/div>\n\n\n\n<p>3\/ Les \u00e9l\u00e8ves de CP, CE1 et CE2 ont effectu\u00e9 leur cursus natation. Au programme\u00a0: 10 s\u00e9ances d\u2019approfondissement des comp\u00e9tences de chacun \u00e0 Annonay (piscine de Vaure).<\/p>\n\n\n\n<div class=\"wp-block-image\"><figure class=\"aligncenter\"><img loading=\"lazy\" decoding=\"async\" width=\"1024\" height=\"768\" src=\"https:\/\/labrisedupilat.fr\/wp-content\/uploads\/2019\/03\/piscine-1024x768.jpg\" alt=\"\" class=\"wp-image-333\" srcset=\"https:\/\/labrisedupilat.fr\/wp-content\/uploads\/2019\/03\/piscine-1024x768.jpg 1024w, https:\/\/labrisedupilat.fr\/wp-content\/uploads\/2019\/03\/piscine-300x225.jpg 300w, https:\/\/labrisedupilat.fr\/wp-content\/uploads\/2019\/03\/piscine-768x576.jpg 768w, https:\/\/labrisedupilat.fr\/wp-content\/uploads\/2019\/03\/piscine.jpg 2000w\" sizes=\"(max-width: 767px) 89vw, (max-width: 1000px) 54vw, (max-width: 1071px) 543px, 580px\" \/><\/figure><\/div>\n\n\n\n<div class=\"wp-block-image\"><figure class=\"aligncenter\"><img loading=\"lazy\" decoding=\"async\" width=\"1024\" height=\"768\" src=\"https:\/\/labrisedupilat.fr\/wp-content\/uploads\/2019\/03\/piscine2-1024x768.jpg\" alt=\"\" class=\"wp-image-334\" srcset=\"https:\/\/labrisedupilat.fr\/wp-content\/uploads\/2019\/03\/piscine2-1024x768.jpg 1024w, https:\/\/labrisedupilat.fr\/wp-content\/uploads\/2019\/03\/piscine2-300x225.jpg 300w, https:\/\/labrisedupilat.fr\/wp-content\/uploads\/2019\/03\/piscine2-768x576.jpg 768w, https:\/\/labrisedupilat.fr\/wp-content\/uploads\/2019\/03\/piscine2.jpg 2000w\" sizes=\"(max-width: 767px) 89vw, (max-width: 1000px) 54vw, (max-width: 1071px) 543px, 580px\" \/><\/figure><\/div>\n\n\n\n<div class=\"wp-block-image\"><figure class=\"aligncenter\"><img loading=\"lazy\" decoding=\"async\" width=\"1024\" height=\"768\" src=\"https:\/\/labrisedupilat.fr\/wp-content\/uploads\/2019\/03\/piscine3-1024x768.jpg\" alt=\"\" class=\"wp-image-335\" srcset=\"https:\/\/labrisedupilat.fr\/wp-content\/uploads\/2019\/03\/piscine3-1024x768.jpg 1024w, https:\/\/labrisedupilat.fr\/wp-content\/uploads\/2019\/03\/piscine3-300x225.jpg 300w, https:\/\/labrisedupilat.fr\/wp-content\/uploads\/2019\/03\/piscine3-768x576.jpg 768w, https:\/\/labrisedupilat.fr\/wp-content\/uploads\/2019\/03\/piscine3.jpg 2000w\" sizes=\"(max-width: 767px) 89vw, (max-width: 1000px) 54vw, (max-width: 1071px) 543px, 580px\" \/><\/figure><\/div>\n\n\n\n<div class=\"wp-block-image\"><figure class=\"aligncenter\"><img loading=\"lazy\" decoding=\"async\" width=\"1024\" height=\"768\" src=\"https:\/\/labrisedupilat.fr\/wp-content\/uploads\/2019\/03\/piscine4-1024x768.jpg\" alt=\"\" class=\"wp-image-336\" srcset=\"https:\/\/labrisedupilat.fr\/wp-content\/uploads\/2019\/03\/piscine4-1024x768.jpg 1024w, https:\/\/labrisedupilat.fr\/wp-content\/uploads\/2019\/03\/piscine4-300x225.jpg 300w, https:\/\/labrisedupilat.fr\/wp-content\/uploads\/2019\/03\/piscine4-768x576.jpg 768w, https:\/\/labrisedupilat.fr\/wp-content\/uploads\/2019\/03\/piscine4.jpg 2000w\" sizes=\"(max-width: 767px) 89vw, (max-width: 1000px) 54vw, (max-width: 1071px) 543px, 580px\" \/><\/figure><\/div>\n\n\n\n<p>4\/ Juste avant les vacances de No\u00ebl, un papa d\u2019\u00e9l\u00e8ve de la classe des MS\/GS est venu nous chanter quelques chansons. Les \u00e9l\u00e8ves de maternelle se retrouvent chaque matin pendant l\u2019Avent. Ce matin -l\u00e0, ils ont eu un beau concert \u00e0 partager\u00a0!<\/p>\n\n\n\n<div class=\"wp-block-image\"><figure class=\"aligncenter\"><img loading=\"lazy\" decoding=\"async\" width=\"1024\" height=\"768\" src=\"https:\/\/labrisedupilat.fr\/wp-content\/uploads\/2019\/03\/papa-chanteur-1024x768.jpg\" alt=\"\" class=\"wp-image-332\" srcset=\"https:\/\/labrisedupilat.fr\/wp-content\/uploads\/2019\/03\/papa-chanteur-1024x768.jpg 1024w, https:\/\/labrisedupilat.fr\/wp-content\/uploads\/2019\/03\/papa-chanteur-300x225.jpg 300w, https:\/\/labrisedupilat.fr\/wp-content\/uploads\/2019\/03\/papa-chanteur-768x576.jpg 768w, https:\/\/labrisedupilat.fr\/wp-content\/uploads\/2019\/03\/papa-chanteur.jpg 2000w\" sizes=\"(max-width: 767px) 89vw, (max-width: 1000px) 54vw, (max-width: 1071px) 543px, 580px\" \/><\/figure><\/div>\n\n\n\n<p>5\/ Lundi 7 janvier 2019 : Dans la classe des PS , une maman d\u2019\u00e9l\u00e8ve nous a confectionn\u00e9 des galettes. Nous avons travaill\u00e9 autour de l\u2019album \u00ab\u00a0Roule Galette\u00a0\u00bb et nous avons d\u00e9gust\u00e9 une bonne part de galette. Chacun est reparti avec une couronne\u00a0!<\/p>\n\n\n\n<div class=\"wp-block-image\"><figure class=\"aligncenter\"><img loading=\"lazy\" decoding=\"async\" width=\"1024\" height=\"768\" src=\"https:\/\/labrisedupilat.fr\/wp-content\/uploads\/2019\/03\/galette-2-1024x768.jpg\" alt=\"\" class=\"wp-image-326\" srcset=\"https:\/\/labrisedupilat.fr\/wp-content\/uploads\/2019\/03\/galette-2-1024x768.jpg 1024w, https:\/\/labrisedupilat.fr\/wp-content\/uploads\/2019\/03\/galette-2-300x225.jpg 300w, https:\/\/labrisedupilat.fr\/wp-content\/uploads\/2019\/03\/galette-2-768x576.jpg 768w, https:\/\/labrisedupilat.fr\/wp-content\/uploads\/2019\/03\/galette-2.jpg 2000w\" sizes=\"(max-width: 767px) 89vw, (max-width: 1000px) 54vw, (max-width: 1071px) 543px, 580px\" \/><\/figure><\/div>\n\n\n\n<div class=\"wp-block-image\"><figure class=\"aligncenter\"><img loading=\"lazy\" decoding=\"async\" width=\"1024\" height=\"768\" src=\"https:\/\/labrisedupilat.fr\/wp-content\/uploads\/2019\/03\/galette-1-1024x768.jpg\" alt=\"\" class=\"wp-image-325\" srcset=\"https:\/\/labrisedupilat.fr\/wp-content\/uploads\/2019\/03\/galette-1-1024x768.jpg 1024w, https:\/\/labrisedupilat.fr\/wp-content\/uploads\/2019\/03\/galette-1-300x225.jpg 300w, https:\/\/labrisedupilat.fr\/wp-content\/uploads\/2019\/03\/galette-1-768x576.jpg 768w, https:\/\/labrisedupilat.fr\/wp-content\/uploads\/2019\/03\/galette-1.jpg 2000w\" sizes=\"(max-width: 767px) 89vw, (max-width: 1000px) 54vw, (max-width: 1071px) 543px, 580px\" \/><\/figure><\/div>\n\n\n\n<p>6\/ Lumignons du 8 d\u00e9cembre. Tous les enfants de maternelle se sont retrouv\u00e9s pour fabriquer ensemble les lumignons pour le 8 d\u00e9cembre. Plusieurs mamans sont venues nous\naider. Nos lumignons ont \u00e9t\u00e9 confectionn\u00e9s \u00e0 partir de feuilles de bouleau, de\ncolle et de raphia.<\/p>\n\n\n\n<div class=\"wp-block-image\"><figure class=\"aligncenter\"><img loading=\"lazy\" decoding=\"async\" width=\"1024\" height=\"576\" src=\"https:\/\/labrisedupilat.fr\/wp-content\/uploads\/2019\/03\/lumignon2-1024x576.jpg\" alt=\"\" class=\"wp-image-331\" srcset=\"https:\/\/labrisedupilat.fr\/wp-content\/uploads\/2019\/03\/lumignon2-1024x576.jpg 1024w, https:\/\/labrisedupilat.fr\/wp-content\/uploads\/2019\/03\/lumignon2-300x169.jpg 300w, https:\/\/labrisedupilat.fr\/wp-content\/uploads\/2019\/03\/lumignon2-768x432.jpg 768w, https:\/\/labrisedupilat.fr\/wp-content\/uploads\/2019\/03\/lumignon2.jpg 2000w\" sizes=\"(max-width: 767px) 89vw, (max-width: 1000px) 54vw, (max-width: 1071px) 543px, 580px\" \/><\/figure><\/div>\n\n\n\n<p>7\/ Depuis le d\u00e9but de l\u2019ann\u00e9e,\nnous f\u00eatons les anniversaires de l\u2019\u00e9cole TOUS ensemble. Ainsi, chaque mois tous\nles \u00e9l\u00e8ves de l\u2019\u00e9cole confectionnent un go\u00fbter d\u2019anniversaire. Tous les niveaux\nde classe sont m\u00e9lang\u00e9s&nbsp;: petits et grands s\u2019entraident pour pr\u00e9parer un go\u00fbter\ndigne de ce nom&nbsp;!<\/p>\n\n\n\n<div class=\"wp-block-image\"><figure class=\"aligncenter\"><img loading=\"lazy\" decoding=\"async\" width=\"1024\" height=\"768\" src=\"https:\/\/labrisedupilat.fr\/wp-content\/uploads\/2019\/03\/gouter-co3-1024x768.jpg\" alt=\"\" class=\"wp-image-330\" srcset=\"https:\/\/labrisedupilat.fr\/wp-content\/uploads\/2019\/03\/gouter-co3-1024x768.jpg 1024w, https:\/\/labrisedupilat.fr\/wp-content\/uploads\/2019\/03\/gouter-co3-300x225.jpg 300w, https:\/\/labrisedupilat.fr\/wp-content\/uploads\/2019\/03\/gouter-co3-768x576.jpg 768w, https:\/\/labrisedupilat.fr\/wp-content\/uploads\/2019\/03\/gouter-co3.jpg 2000w\" sizes=\"(max-width: 767px) 89vw, (max-width: 1000px) 54vw, (max-width: 1071px) 543px, 580px\" \/><\/figure><\/div>\n\n\n\n<div class=\"wp-block-image\"><figure class=\"aligncenter\"><img loading=\"lazy\" decoding=\"async\" width=\"1024\" height=\"768\" src=\"https:\/\/labrisedupilat.fr\/wp-content\/uploads\/2019\/03\/gouter-co2-1024x768.jpg\" alt=\"\" class=\"wp-image-329\" srcset=\"https:\/\/labrisedupilat.fr\/wp-content\/uploads\/2019\/03\/gouter-co2-1024x768.jpg 1024w, https:\/\/labrisedupilat.fr\/wp-content\/uploads\/2019\/03\/gouter-co2-300x225.jpg 300w, https:\/\/labrisedupilat.fr\/wp-content\/uploads\/2019\/03\/gouter-co2-768x576.jpg 768w, https:\/\/labrisedupilat.fr\/wp-content\/uploads\/2019\/03\/gouter-co2.jpg 2000w\" sizes=\"(max-width: 767px) 89vw, (max-width: 1000px) 54vw, (max-width: 1071px) 543px, 580px\" \/><\/figure><\/div>\n\n\n\n<div class=\"wp-block-image\"><figure class=\"aligncenter\"><img loading=\"lazy\" decoding=\"async\" width=\"1024\" height=\"768\" src=\"https:\/\/labrisedupilat.fr\/wp-content\/uploads\/2019\/03\/gouter-co-4-1024x768.jpg\" alt=\"\" class=\"wp-image-327\" srcset=\"https:\/\/labrisedupilat.fr\/wp-content\/uploads\/2019\/03\/gouter-co-4-1024x768.jpg 1024w, https:\/\/labrisedupilat.fr\/wp-content\/uploads\/2019\/03\/gouter-co-4-300x225.jpg 300w, https:\/\/labrisedupilat.fr\/wp-content\/uploads\/2019\/03\/gouter-co-4-768x576.jpg 768w, https:\/\/labrisedupilat.fr\/wp-content\/uploads\/2019\/03\/gouter-co-4.jpg 2000w\" sizes=\"(max-width: 767px) 89vw, (max-width: 1000px) 54vw, (max-width: 1071px) 543px, 580px\" \/><\/figure><\/div>\n\n\n\n<div class=\"wp-block-image\"><figure class=\"aligncenter\"><img loading=\"lazy\" decoding=\"async\" width=\"1024\" height=\"768\" src=\"https:\/\/labrisedupilat.fr\/wp-content\/uploads\/2019\/03\/gouter-co-1024x768.jpg\" alt=\"\" class=\"wp-image-328\" srcset=\"https:\/\/labrisedupilat.fr\/wp-content\/uploads\/2019\/03\/gouter-co-1024x768.jpg 1024w, https:\/\/labrisedupilat.fr\/wp-content\/uploads\/2019\/03\/gouter-co-300x225.jpg 300w, https:\/\/labrisedupilat.fr\/wp-content\/uploads\/2019\/03\/gouter-co-768x576.jpg 768w, https:\/\/labrisedupilat.fr\/wp-content\/uploads\/2019\/03\/gouter-co.jpg 2000w\" sizes=\"(max-width: 767px) 89vw, (max-width: 1000px) 54vw, (max-width: 1071px) 543px, 580px\" \/><\/figure><\/div>\n\n\n\n<figure class=\"wp-block-gallery columns-0 is-cropped wp-block-gallery-1 is-layout-flex wp-block-gallery-is-layout-flex\"><ul class=\"blocks-gallery-grid\"><\/ul><\/figure>\n","protected":false},"excerpt":{"rendered":"<p>1\/ Les \u00e9l\u00e8ves des classes des grands participent au conseil municipal des enfants. Pour cela, un vote est organis\u00e9 au premier trimestre, les \u00e9l\u00e8ves \u00e9lus seront les repr\u00e9sentants de leurs pairs lors des rencontres en mairie. 2\/ La classe des CE1\/ CE2 sont all\u00e9s voir l\u2019exposition sur la guerre de 14\/18. Cette exposition faite par &hellip; <\/p>\n<p class=\"link-more\"><a href=\"https:\/\/labrisedupilat.fr\/index.php\/temps-fort\/\" class=\"more-link\">Continuer la lecture<span class=\"screen-reader-text\"> de &laquo;&nbsp;Temps forts&nbsp;&raquo;<\/span><\/a><\/p>\n","protected":false},"author":1,"featured_media":342,"parent":0,"menu_order":0,"comment_status":"closed","ping_status":"closed","template":"","meta":{"footnotes":""},"_links":{"self":[{"href":"https:\/\/labrisedupilat.fr\/index.php\/wp-json\/wp\/v2\/pages\/39"}],"collection":[{"href":"https:\/\/labrisedupilat.fr\/index.php\/wp-json\/wp\/v2\/pages"}],"about":[{"href":"https:\/\/labrisedupilat.fr\/index.php\/wp-json\/wp\/v2\/types\/page"}],"author":[{"embeddable":true,"href":"https:\/\/labrisedupilat.fr\/index.php\/wp-json\/wp\/v2\/users\/1"}],"replies":[{"embeddable":true,"href":"https:\/\/labrisedupilat.fr\/index.php\/wp-json\/wp\/v2\/comments?post=39"}],"version-history":[{"count":10,"href":"https:\/\/labrisedupilat.fr\/index.php\/wp-json\/wp\/v2\/pages\/39\/revisions"}],"predecessor-version":[{"id":368,"href":"https:\/\/labrisedupilat.fr\/index.php\/wp-json\/wp\/v2\/pages\/39\/revisions\/368"}],"wp:featuredmedia":[{"embeddable":true,"href":"https:\/\/labrisedupilat.fr\/index.php\/wp-json\/wp\/v2\/media\/342"}],"wp:attachment":[{"href":"https:\/\/labrisedupilat.fr\/index.php\/wp-json\/wp\/v2\/media?parent=39"}],"curies":[{"name":"wp","href":"https:\/\/api.w.org\/{rel}","templated":true}]}}