{"id":46,"date":"2018-05-29T21:23:03","date_gmt":"2018-05-29T19:23:03","guid":{"rendered":"http:\/\/labrisedupilat.fr\/?page_id=46"},"modified":"2025-02-11T21:51:57","modified_gmt":"2025-02-11T20:51:57","slug":"apel","status":"publish","type":"page","link":"https:\/\/labrisedupilat.fr\/index.php\/apel\/","title":{"rendered":"L&rsquo;ABRI"},"content":{"rendered":"<div class=\"entry-content\">\n<p><span style=\"color: #0000ff;\"><strong>Bienvenue sur la page de l\u2019Association des Parents d\u2019\u00c9l\u00e8ves de La Brise du Pilat : L\u2019ABRI\u00a0<\/strong><\/span><\/p>\n<p><strong>Qui sommes-nous ?<\/strong><\/p>\n<p>L\u2019Association des Parents d\u2019\u00c9l\u00e8ves de la Brise du Pilat a pour objectif principal de soutenir les projets de l\u2019\u00e9cole, en travaillant main dans la main avec les enseignants, les \u00e9l\u00e8ves et les familles. Nous sommes une \u00e9quipe de parents b\u00e9n\u00e9voles qui se mobilise pour am\u00e9liorer la vie scolaire de nos enfants en finan\u00e7ant des projets p\u00e9dagogiques, des sorties scolaires, et des initiatives \u00e9ducatives vari\u00e9es.<\/p>\n<p><em><strong>Notre Mission : Soutenir les Projets P\u00e9dagogiques<\/strong><\/em><\/p>\n<p>Gr\u00e2ce \u00e0 nos actions, nous permettons \u00e0 l\u2019\u00e9quipe enseignante de mettre en place des projets enrichissants qui favorisent l\u2019\u00e9panouissement des \u00e9l\u00e8ves. Qu\u2019il s\u2019agisse de financer des \u00e9quipements, de participer \u00e0 l\u2019organisation de sorties p\u00e9dagogiques, ou de soutenir des initiatives cr\u00e9atives, chaque euro r\u00e9colt\u00e9 gr\u00e2ce \u00e0 vos contributions et votre engagement fait une r\u00e9elle diff\u00e9rence.<\/p>\n<p>Concr\u00e8tement cette ann\u00e9e l\u2019association finance une partie de la r\u00e9novation de la cour de r\u00e9cr\u00e9ation, les intervenants anglais, bien \u00eatre, kung-fu, danse mais aussi une partie des transports et sorties culturelles et sportives (op\u00e9ra, mus\u00e9e, piscine, kayak, paddle\u2026)<\/p>\n<p><strong>Comment nous soutenir ?<\/strong><\/p>\n<p>Nous organisons r\u00e9guli\u00e8rement des \u00e9v\u00e9nements pour financer nos projets : kermesses, tombolas, ventes diverses, et bien plus encore ! Ces manifestations sont l\u2019occasion de renforcer les liens entre parents, enfants et enseignants, tout en contribuant \u00e0 une cause commune : l\u2019\u00e9ducation de nos enfants.<\/p>\n<p><span style=\"color: #3366ff;\"><b>Calendrier des manifestations 2024-2025:\u00a0<\/b><\/span><\/p>\n<p><span style=\"color: #3366ff;\">Matin\u00e9e diots et tirage de la tombola: Dimanche 17 Novembre 2024<\/span><\/p>\n<p><span style=\"color: #3366ff;\">Chants de No\u00ebl et vente de croziflette: Jeudi 19 D\u00e9cembre 2024<\/span><\/p>\n<p><span style=\"color: #3366ff;\">Go\u00fbter de No\u00ebl: Vendredi 20 D\u00e9cembre 2024<\/span><\/p>\n<p><span style=\"color: #3366ff;\">Carnaval: Vendredi 21 F\u00e9vrier 2025\u00a0<\/span><\/p>\n<p><span style=\"color: #3366ff;\">Spectacle et Kermesse: Dimanche 29 Juin (repas sur le temps de midi)\u00a0<\/span><\/p>\n<p><span style=\"color: #3366ff;\">D\u2019autres manifestations peuvent s\u2019ajouter au cours de l\u2019ann\u00e9e.<\/span><\/p>\n<p><span style=\"color: #ff9900;\"><strong>Rejoignez-nous !<\/strong><\/span><\/p>\n<p><strong><span style=\"color: #ff9900;\">Nous avons besoin de vous ! Chaque parent peut jouer un r\u00f4le essentiel dans la r\u00e9ussite de nos projets. Que ce soit en participant \u00e0 nos \u00e9v\u00e9nements, en donnant de votre temps pour l\u2019organisation ou en faisant partie de l\u2019association, chaque geste compte. Ensemble, nous pouvons faire une grande diff\u00e9rence dans la vie scolaire de nos enfants.<\/span><\/strong><\/p>\n<p><strong><span style=\"color: #ff9900;\">N\u2019h\u00e9sitez pas \u00e0 nous contacter pour en savoir plus sur nos projets en cours et comment vous pouvez vous impliquer. Ensemble, faisons grandir notre \u00e9cole et cr\u00e9ons un environnement \u00e9ducatif encore plus riche et stimulant pour nos enfants !<\/span><\/strong><\/p>\n<p>Contactez-nous :<\/p>\n<p><span style=\"font-family: .SFUI-Regular_wdth_opsz190000_GRAD_wght2BC0000;\"><b><a title=\"mailto:labri.maclas@gmail.com\" href=\"mailto:labri.maclas@gmail.com\" data-linkindex=\"3\">labri.maclas@gmail.com<\/a><\/b><\/span><\/p>\n<p>Suivez-nous sur les r\u00e9seaux sociaux :<\/p>\n<div>\n<div role=\"link\">\n<table border=\"0\" width=\"228\" cellspacing=\"0\" cellpadding=\"0\">\n<tbody>\n<tr>\n<td align=\"center\"><\/td>\n<\/tr>\n<tr>\n<td>\n<table width=\"228\" cellspacing=\"0\" cellpadding=\"0\" bgcolor=\"#B1B1B4\">\n<tbody>\n<tr>\n<td>\n<div>\n<div><a title=\"https:\/\/www.facebook.com\/share\/19Se7Af892\/?mibextid=LQQJ4d\" href=\"https:\/\/www.facebook.com\/share\/19Se7Af892\/?mibextid=LQQJ4d\" target=\"_blank\" rel=\"nofollow noopener noreferrer\" data-auth=\"NotApplicable\" data-linkindex=\"5\">L\u2019abri &#8211; L&rsquo;<span class=\"markkx9puz2y7\" data-markjs=\"true\" data-ogac=\"\" data-ogab=\"\" data-ogsc=\"\" data-ogsb=\"\">ogec<\/span>\u00a0&#8211; La Brise du Pilat<\/a><\/div>\n<div><a title=\"https:\/\/www.facebook.com\/share\/19Se7Af892\/?mibextid=LQQJ4d\" href=\"https:\/\/www.facebook.com\/share\/19Se7Af892\/?mibextid=LQQJ4d\" target=\"_blank\" rel=\"nofollow noopener noreferrer\" data-auth=\"NotApplicable\" data-linkindex=\"6\">facebook.com<\/a><\/div>\n<\/div>\n<\/td>\n<\/tr>\n<\/tbody>\n<\/table>\n<\/td>\n<\/tr>\n<\/tbody>\n<\/table>\n<\/div>\n<\/div>\n<\/div>\n<div class=\"entry-content\">\n<p><img loading=\"lazy\" decoding=\"async\" class=\"aligncenter wp-image-153 size-full\" src=\"https:\/\/labrisedupilat.fr\/wp-content\/uploads\/2018\/05\/kayak.jpg\" alt=\"\" width=\"900\" height=\"675\" srcset=\"https:\/\/labrisedupilat.fr\/wp-content\/uploads\/2018\/05\/kayak.jpg 900w, https:\/\/labrisedupilat.fr\/wp-content\/uploads\/2018\/05\/kayak-300x225.jpg 300w, https:\/\/labrisedupilat.fr\/wp-content\/uploads\/2018\/05\/kayak-768x576.jpg 768w\" sizes=\"(max-width: 767px) 89vw, (max-width: 1000px) 54vw, (max-width: 1071px) 543px, 580px\" \/><\/p>\n<\/div>\n","protected":false},"excerpt":{"rendered":"<p>Bienvenue sur la page de l\u2019Association des Parents d\u2019\u00c9l\u00e8ves de La Brise du Pilat : L\u2019ABRI\u00a0 Qui sommes-nous ? L\u2019Association des Parents d\u2019\u00c9l\u00e8ves de la Brise du Pilat a pour objectif principal de soutenir les projets de l\u2019\u00e9cole, en travaillant main dans la main avec les enseignants, les \u00e9l\u00e8ves et les familles. Nous sommes une &hellip; <\/p>\n<p class=\"link-more\"><a href=\"https:\/\/labrisedupilat.fr\/index.php\/apel\/\" class=\"more-link\">Continuer la lecture<span class=\"screen-reader-text\"> de &laquo;&nbsp;L&rsquo;ABRI&nbsp;&raquo;<\/span><\/a><\/p>\n","protected":false},"author":1,"featured_media":0,"parent":0,"menu_order":0,"comment_status":"closed","ping_status":"closed","template":"","meta":{"footnotes":""},"_links":{"self":[{"href":"https:\/\/labrisedupilat.fr\/index.php\/wp-json\/wp\/v2\/pages\/46"}],"collection":[{"href":"https:\/\/labrisedupilat.fr\/index.php\/wp-json\/wp\/v2\/pages"}],"about":[{"href":"https:\/\/labrisedupilat.fr\/index.php\/wp-json\/wp\/v2\/types\/page"}],"author":[{"embeddable":true,"href":"https:\/\/labrisedupilat.fr\/index.php\/wp-json\/wp\/v2\/users\/1"}],"replies":[{"embeddable":true,"href":"https:\/\/labrisedupilat.fr\/index.php\/wp-json\/wp\/v2\/comments?post=46"}],"version-history":[{"count":14,"href":"https:\/\/labrisedupilat.fr\/index.php\/wp-json\/wp\/v2\/pages\/46\/revisions"}],"predecessor-version":[{"id":478,"href":"https:\/\/labrisedupilat.fr\/index.php\/wp-json\/wp\/v2\/pages\/46\/revisions\/478"}],"wp:attachment":[{"href":"https:\/\/labrisedupilat.fr\/index.php\/wp-json\/wp\/v2\/media?parent=46"}],"curies":[{"name":"wp","href":"https:\/\/api.w.org\/{rel}","templated":true}]}}