{"id":98,"date":"2018-05-30T20:28:12","date_gmt":"2018-05-30T18:28:12","guid":{"rendered":"http:\/\/labrisedupilat.fr\/?page_id=98"},"modified":"2026-03-09T21:53:03","modified_gmt":"2026-03-09T20:53:03","slug":"accueil","status":"publish","type":"page","link":"https:\/\/labrisedupilat.fr\/","title":{"rendered":"Accueil"},"content":{"rendered":"\n<p class=\"has-text-align-center\"><\/p>\n\n\n<h1 style=\"text-align: center;\">\u00a0<\/h1>\n<hr \/>\n<h2 style=\"text-align: center;\"><span style=\"color: #ff0000;\"><strong>La Brise du Pilat ouvre ses portes le Vendredi 24 avril 2026 de 17h30 \u00e0 19h30. <\/strong><\/span><\/h2>\n<h3 style=\"text-align: center;\"><span style=\"color: #ff0000;\"><strong>Venez rencontrer l&rsquo;\u00e9quipe \u00e9ducative.<\/strong><\/span><\/h3>\n<h3 style=\"text-align: center;\"><span style=\"color: #00ccff;\"><strong>Les inscriptions pour la rentr\u00e9e 2026 sont en cours.<\/strong><\/span><\/h3>\n<p style=\"text-align: center;\"><span style=\"color: #ff9900;\"><strong>Pour tous renseignements, vous pouvez contacter la directrice au\u00a0<\/strong><\/span><span style=\"color: #ff9900;\"><strong>04 74 87 43 45.<\/strong><\/span><\/p>\n<hr \/>\n<p><iframe loading=\"lazy\" title=\"Visite de l&#039;\u00e9cole priv\u00e9e La Brise du Pilat\" width=\"525\" height=\"295\" src=\"https:\/\/www.youtube.com\/embed\/5uVUToB1AUc?feature=oembed\" frameborder=\"0\" allow=\"accelerometer; autoplay; clipboard-write; encrypted-media; gyroscope; picture-in-picture; web-share\" referrerpolicy=\"strict-origin-when-cross-origin\" allowfullscreen><\/iframe><\/p>\n\n\n<figure class=\"wp-block-image size-full\"><img loading=\"lazy\" decoding=\"async\" width=\"905\" height=\"347\" src=\"https:\/\/labrisedupilat.fr\/wp-content\/uploads\/2023\/02\/image-6.png\" alt=\"\" class=\"wp-image-448\" srcset=\"https:\/\/labrisedupilat.fr\/wp-content\/uploads\/2023\/02\/image-6.png 905w, https:\/\/labrisedupilat.fr\/wp-content\/uploads\/2023\/02\/image-6-300x115.png 300w, https:\/\/labrisedupilat.fr\/wp-content\/uploads\/2023\/02\/image-6-768x294.png 768w\" sizes=\"(max-width: 767px) 89vw, (max-width: 1000px) 54vw, (max-width: 1071px) 543px, 580px\" \/><\/figure>\n","protected":false},"excerpt":{"rendered":"<p>\u00a0 La Brise du Pilat ouvre ses portes le Vendredi 24 avril 2026 de 17h30 \u00e0 19h30. Venez rencontrer l&rsquo;\u00e9quipe \u00e9ducative. Les inscriptions pour la rentr\u00e9e 2026 sont en cours. Pour tous renseignements, vous pouvez contacter la directrice au\u00a004 74 87 43 45.<\/p>\n","protected":false},"author":1,"featured_media":489,"parent":0,"menu_order":0,"comment_status":"closed","ping_status":"closed","template":"","meta":{"footnotes":""},"_links":{"self":[{"href":"https:\/\/labrisedupilat.fr\/index.php\/wp-json\/wp\/v2\/pages\/98"}],"collection":[{"href":"https:\/\/labrisedupilat.fr\/index.php\/wp-json\/wp\/v2\/pages"}],"about":[{"href":"https:\/\/labrisedupilat.fr\/index.php\/wp-json\/wp\/v2\/types\/page"}],"author":[{"embeddable":true,"href":"https:\/\/labrisedupilat.fr\/index.php\/wp-json\/wp\/v2\/users\/1"}],"replies":[{"embeddable":true,"href":"https:\/\/labrisedupilat.fr\/index.php\/wp-json\/wp\/v2\/comments?post=98"}],"version-history":[{"count":32,"href":"https:\/\/labrisedupilat.fr\/index.php\/wp-json\/wp\/v2\/pages\/98\/revisions"}],"predecessor-version":[{"id":514,"href":"https:\/\/labrisedupilat.fr\/index.php\/wp-json\/wp\/v2\/pages\/98\/revisions\/514"}],"wp:featuredmedia":[{"embeddable":true,"href":"https:\/\/labrisedupilat.fr\/index.php\/wp-json\/wp\/v2\/media\/489"}],"wp:attachment":[{"href":"https:\/\/labrisedupilat.fr\/index.php\/wp-json\/wp\/v2\/media?parent=98"}],"curies":[{"name":"wp","href":"https:\/\/api.w.org\/{rel}","templated":true}]}}